 (4 - -2).
-4
Calculate (3 - -1) + (60 - 64).
0
What is -52 + 41 + 0 + 9?
-2
What is 9 + -2 + -12 + 6?
1
1 - (-2 - 1 - (0 + 3))
7
-3 + (-17 - -15) + (-1 - 0)
-6
What is 2 + (-4 + 8 - 7) + 0?
-1
Calculate 1 + 2 - (-8 + -4 - -7).
8
(-7 - -4) + -3 + 3
-3
Calculate 1 + -5 - -11 - (2 + 12).
-7
-4 + 0 + (3 - 3)
-4
What is 4 + 0 - (4 - 0)?
0
What is -19 - -26 - (-2 + 10)?
-1
-2 - (-1 - 2 - -1)
0
What is 4 + 0 - (9 - 5)?
0
What is (1 - -3) + -2 + 0?
2
What is the value of -2 - (5 + -1 - 8)?
2
-16 - (3 + -8 + -4)
-7
Calculate (5 - -4) + -8 - (-2 - -3).
0
What is the value of 12 + -25 + 3 + 10?
0
What is 7 - (23 + (1 - (-4 + 11)))?
-10
What is the value of (1 - (-2 + 5)) + 3?
1
What is (7 + 3 - 4) + -3 + -2?
1
What is the value of 7 + 2 + 2 + -8 + 2?
5
Calculate -2 + (0 - (4 - 5)) - -4.
3
What is (-3 + -3 - -3) + 2?
-1
What is the value of -5 + (-3 - -4 - 5 - -3)?
-6
Calculate (-2 + 2 - (-4 + 3)) + 1.
2
1 + 18 + (-20 - -9)
8
Calculate 19 - 10 - (1 - -4).
4
Evaluate ((-5 - -1) + 1 - -2) + 6.
5
What is 0 + -1 - (-53 - -49)?
3
What is the value of -3 - (-9 - -8 - 8)?
6
Evaluate -5 + -1 + 2 + 1.
-3
10 + 4 + -5 - (17 + -9)
1
Calculate 1 - (-7 + 7 - (-2 - -6)).
5
Evaluate -2 + -4 - (-11 - -10).
-5
Calculate -12 + (14 - -1) + (-1 - -6).
8
Evaluate 1 + -5 + -1 + 2 - 0.
-3
Calculate 4 - -3 - (10 + -10).
7
Calculate (4 - 2) + -1 - (4 + -8).
5
Calculate (-8 - 1) + 34 + -29.
-4
What is -13 + (-1 - -9) - -1?
-4
Calculate 6 + -1 + (27 - 38).
-6
Calculate 32 + -31 + (1 - -1).
3
What is -1 - (0 + (-1 + -1 - 1))?
2
-1 + (4 - 7 - 0) + 2
-2
Calculate 12 - (-6 - -9 - -17).
-8
Evaluate -2 - (-9 + (3 - 0)).
4
Calculate -5 + 8 + (-2 - (6 + -3)).
-2
Calculate (1 - 2) + -12 + 11.
-2
Calculate -2 + (-2 - -14) + -6.
4
-3 + -4 + (-4 - -3)
-8
Calculate -3 + 0 - (-1 + -1).
-1
Calculate -1 + (12 - 3 - (6 + -5)).
7
What is (-33 - -31) + (2 - 0 - 0)?
0
Evaluate 3 + 2 + -3 + -4.
-2
0 + (-1 - (4 + -2)) + 4
1
1 - (0 + (-5 - -6))
0
-2 + -4 + 2 - 1
-5
What is 9 - 9 - (-2 - -1 - 0)?
1
What is the value of 3 + -3 + 0 + -2 + 3?
1
What is -1 + 3 + 20 + -25?
-3
What is the value of -15 - -21 - (-3 + 12)?
-3
What is the value of -9 + -2 + 21 + -9?
1
What is -1 + -3 + 8 + 1?
5
Evaluate -4 - 0 - (-4 + (-14 - -9)).
5
Evaluate (2 - 1) + (-30 - -25).
-4
(1 - ((-4 - 0) + 9)) + -1
-5
-15 + -14 + 24 + 0 + 1
-4
Calculate -5 + -17 + 6 + -13 + 20.
-9
Evaluate -3 + 6 + 3 - (0 - 1).
7
What is the value of (8 - (-3 - -4)) + -2?
5
What is the value of -21 - -15 - (-10 + 1)?
3
Calculate -20 + 2 - (-22 + 12).
-8
What is -2 - -17 - (-7 + 17)?
5
What is the value of (7 + (0 - 8) - 7) + 11?
3
What is -5 + 3 + -2 + (9 - 4)?
1
What is (-1 - 2 - -7) + -1?
3
What is 6 + -1 + -3 + 1 - 4?
-1
Calculate 17 + -7 + -4 - (-4 + 1).
9
Evaluate 1 + (-7 - -7 - 4 - 1).
-4
Evaluate (-1 - -2) + -9 + 11.
3
Calculate 4 - (1 - 0 - -2).
1
What is (-6 - (-5 - -3)) + (5 - -1)?
2
What is the value of 0 + 1 + 3 + -7?
-3
Evaluate (-3 + 4 + -2 - -4) + 2.
5
What is the value of 7 - (6 + 2 - 2)?
1
What is the value of -6 + 2 + (4 - (2 + -8))?
6
What is 8 + (5 - (1 + 10))?
2
Calculate -3 + -1 + 33 + -30.
-1
What is -1 - (-4 + 7 - (-3 - -12))?
5
What is the value of (4 - 9) + (1 - 3) - -7?
0
What is -5 + 7 + (-5 - (-3 - -2))?
-2
Evaluate -2 - (4 - -3 - (2 - -2)).
-5
Evaluate 6 + -5 - (5 + (0 - 1)).
-3
Calculate 2 + -8 + 2 + (-20 - -25).
1
What is 5 + (4 - (7 - 3))?
5
What is 33 + -27 - (1 - 1)?
6
What is 1 + (-2 + 9 - 1)?
7
(6 + -4 + -3 - 4) + 3
-2
What is (-4 - -1) + (-16 - -20)?
1
Evaluate 0 - (-3 - -6 - 7).
4
2 + 3 + (3 - 6)
2
What is the value of (4 - -1 - 2) + -7?
-4
What is 2 - (2 - 2) - (25 + -26)?
3
What is 5 + (3 - 5) + 1?
4
What is the value of 5 + (9 - 13) + 3 + -1?
3
What is 3 - (1 + (2 - -1) - 1)?
0
What is the value of 2 + 1 + (-7 - 8) + 11?
-1
Calculate 14 - (-5 - -3 - -11).
5
Evaluate 9 + (0 - (-2 - -3) - 3).
5
Calculate 7 - (0 + 1 + 39 + -41).
8
3 + 13 + (-2 - 21)
-7
Evaluate -8 + (6 - 8) + 3.
-7
5 + (-1 - 0) - -6
10
What is the value of (4 - 3) + 7 + -4 - 0?
4
What is 1 - (-1 - (-4 + (-5 - -10)))?
3
Evaluate -1 + 1 + -1 + (-19 - -22).
2
What is -1 + -8 + -2 + 5?
-6
Calculate 0 + -3 - (30 - 28).
-5
What is the value of (5 - (1 + 2)) + (0 - 1)?
1
Calculate 3 + -3 + 1 - 2.
-1
What is -2 + 2 + (-15 - -13)?
-2
Evaluate (-6 - (0 - 1)) + 8 + -6.
-3
What is the value of (11 + -4 - 10) + (-1 - -1)?
-3
What is (4 - 9) + 7 + -5?
-3
What is the value of -11 + 6 - (1 + -1)?
-5
Calculate 4 + (-1 - 0 - 5 - -3).
1
0 + -1 + 5 + -9
-5
5 - ((16 - 13) + -2 + -1)
5
Calculate -1 + (7 - (6 - 2) - 4).
-2
What is 5 - ((5 - 3) + 0)?
3
Calculate -6 + -4 + 4 - (-2 - 2).
-2
What is the value of -2 + 3 + (2 - 6)?
-3
Evaluate -4 - (12 - 13 - -5).
-8
What is 0 + (8 - 3) + -4?
1
Calculate 2 + -1 + (2 - -3) + -6.
0
What is the value of -3 + 2 - -4 - 0?
3
(8 - 22) + 8 + 3
-3
2 + -4 - (-5 + 7)
-4
What is -3 - ((-3 - 6) + 3)?
3
-9 + 8 + -4 + -1
-6
What is the value of 1 + -1 - (-22 + 22)?
0
What is the value of 3 - -3 - (17 - (17 - 7))?
-1
Calculate (8 - (13 - 8)) + 3.
6
Evaluate -5 - ((-4 - -1) + 0).
-2
Calculate -5 + (-1 - -7) - 1.
0
Evaluate (-3 - -1) + -3 - (3 + -5).
-3
Evaluate -4 + 2 - (0 + 3 + -6).
1
What is -4 + -7 + 7 + 2?
-2
Evaluate -38 + 31 - (1 - 9) - 4.
-3
What is the value of 0 - 4 - (-4 - 0)?
0
-3 - (-1 - 4 - -5)
-3
(4 + -3 - -1) + -2 + -4
-4
Evaluate 4 - (1 + 2 + -6 + 9).
-2
Evaluate 0 - 5 - (16 + -24).
3
Evaluate 2 - 5 - (3 + 2 + -11).
3
What is (0 - -1) + 6 + -15 + 9?
1
Calculate 34 + -44 - (1 - 19).
8
What is the value of 5 - (1 + -2 - (-15 - -13))?
4
0 + -5 + -1 + 3 + -2
-5
Calculate (-2 - (-9 - 0)) + (-26 - -25).
6
What is the value of (0 + -1 - 4) + 28 + -25?
-2
What is the value of 1 - 7 - (-7 + 4)?
-3
What is the value of 3 + -1 - (-1 - 1)?
4
Calculate (-8 + 10 - 2) + -3.
-3
Calculate (-26 - -3) + 11 - -8.
-4
Evaluate 10 - (6 - 5) - 4.
5
Calculate 7 + -7 + 7 + -7 + -9.
-9
Evaluate (3 - (-1 + 10)) + -4.
-10
What is the value of -5 + 3 - (3 + 1)?
-6
Evaluate -26 - -32 - (6 + -2).
2
What is -12 + 6 - -3 - -3?
0
What is the value of (8 - 3) + (-12 - -11)?
4
5 - ((5 - 3) + (4 - 1))
0
6 + -13 + -2 + 3
-6
Evaluate 4 - (-1 + (4 + -4 - -2)).
3
What is the value of (22 - 22) + (2 + -4 - -9)?
7
What is -2 - -8 - (11 - 5)?
0
Evaluate (-4 - -3) + 2 + -2 - 3.
-4
What is 8 + (-13 - (-9 + 0))?
4
What is (3 - (0 - 5)) + -8 + -5?
-5
Evaluate -1 - (0 - (3 - 3)).
-1
Evaluate -1 - (53 - 44 - (1 + 3)).
-6
-2 + 5 - (8 + -6 - -1)
0
What is 2 + (2 + -5 - (12 + -16))?
3
What is the value of 0 + 6 + -10 - -1?
-3
What is the value of -3 - ((2 - -3) + -4)?
-4
0 - (-15 + 12 + 2)
1
What is (8 - (20 - 8)) + 1 + -3?
-6
What is the value of 12 + (-9 - 3) + 6?
6
Evaluate 12 + -11 + -1 + 1 + 9.
10
Evaluate (0 - (-1 + 1)) + -224 + 222.
-2
What is -3 + (-1 - (-2 + -1 - 0))?
-1
What is -3 + (-2 + 2 - -6 - 2)?
1
What is the value of -1 - (9 - (-2 - -4) - 3)?
-5
Evaluate -7 - (-9 - -9 - 13).
6
What is -2 + -3 + 7 + 0 + -4?
-2
-7 + (11 - -3 - 11)
-4
What is 4 + -1 - (-1 + 1)?
3
Evaluate -5 + 1 - (-19 - -10).
5
-2 + 0 - (-2 - -4 - 2)
-2
0 + -3 - (-3 - (0 - -4))
4
Calculate -2 - (-1 + (2 - -3)).
-6
Evaluate 4 - (-2 + 8) - -3.
1
-9 + -4 + 15 + 4
6
Evaluate -3 + 4 + -2 + 1.
0
Evaluate 14 + -23 + -2 + 7.
-4
Calculate 3 + -5 + 5 - -2.
5
What is 2 - (5 - (2 + -6))?
-7
Calculate (-5 - -7) + -2 + 3.
3
2 + (-4 - -5 - -1)
4
Evaluate (-1 - 10 - -11) + -3.
-3
What is (1 - 2) + 4 + -1 + -4?
-2
Calculate (3 + -6 - -10) + -3.
4
Calculate -7 - (-13 - (-2 - -2)).
6
Evaluate (7 - (-2 - 0)) + -11 + 8.
6
Calculate -4 - (3 + -6 + 2) - -3.
0
Calculate -8 + 18 + -15 + (1 - 0).
-4
6 + (-1 - 1) - 4
0
What is -2 - -6 - (-34 + 41)?
-3
(3 - 4) + 13 + -3
9
What is the value of 1 - (1 + 0 + -3 + 0)?
3
21 + -25 + (4 - 1) - -4
3
What is 2 + -5 + 2 + 3 + -2?
0
0 + (-17 - -7) + 6
-4
What is -2 + (11 - 2 - 4)?
3
-5 + 2 + -1 + (1 - -8)
5
What is 2 - 4 - (-8 - 2)?
8
-1 + 1 + (-1 - 1) + 5
3
Evaluate -1 - (7 + 8 + -12).
-4
(-17 - -14) + -5 + 18
10
6 + (-1 - 4) + 15 + -7
9
Calculate -5 - -9 - (-2 + 10).
-4
What is (-5 - -2) + -7 + 3?
-7
Calculate (10 - 12) + -8 - -6.
-4
What is the value of -33 - -31 - (-2 - 6)?
6
What is the value of -1 - (2 + -5) - 6?
-4
What is the value of -7 - (-6 - -3 - -2) - -1?
-5
Evaluate 0 + (-12 - -3) - -4.
-5
What is -11 + 2 - -1 - (7 - 10)?
-5
(1 - -1) + -25 + 19
-4
Calculate -1 - (3 + -3